ided by 40.
30
What is the remainder when 123 is divided by 62?
61
Calculate the remainder when 210 is divided by 53.
51
Calculate the remainder when 311 is divided by 52.
51
Calculate the remainder when 185 is divided by 51.
32
Calculate the remainder when 88 is divided by 15.
13
What is the remainder when 19 is divided by 9?
1
Calculate the remainder when 155 is divided by 12.
11
What is the remainder when 68 is divided by 24?
20
Calculate the remainder when 312 is divided by 21.
18
What is the remainder when 232 is divided by 15?
7
Calculate the remainder when 177 is divided by 56.
9
What is the remainder when 599 is divided by 83?
18
What is the remainder when 330 is divided by 48?
42
Calculate the remainder when 845 is divided by 45.
35
What is the remainder when 762 is divided by 58?
8
What is the remainder when 105 is divided by 40?
25
What is the remainder when 121 is divided by 64?
57
What is the remainder when 202 is divided by 6?
4
Calculate the remainder when 494 is divided by 55.
54
Calculate the remainder when 110 is divided by 41.
28
What is the remainder when 169 is divided by 57?
55
Calculate the remainder when 6939 is divided by 386.
377
What is the remainder when 88 is divided by 10?
8
Calculate the remainder when 14165 is divided by 46.
43
What is the remainder when 784 is divided by 320?
144
Calculate the remainder when 333 is divided by 64.
13
What is the remainder when 1227 is divided by 175?
2
What is the remainder when 40 is divided by 29?
11
What is the remainder when 1278 is divided by 413?
39
Calculate the remainder when 43 is divided by 23.
20
What is the remainder when 2539 is divided by 2534?
5
Calculate the remainder when 809 is divided by 90.
89
What is the remainder when 67 is divided by 36?
31
What is the remainder when 4275 is divided by 93?
90
What is the remainder when 291 is divided by 21?
18
Calculate the remainder when 743 is divided by 18.
5
Calculate the remainder when 278 is divided by 48.
38
What is the remainder when 130 is divided by 109?
21
Calculate the remainder when 35 is divided by 9.
8
What is the remainder when 277 is divided by 24?
13
What is the remainder when 517 is divided by 173?
171
Calculate the remainder when 119 is divided by 24.
23
What is the remainder when 10202 is divided by 10200?
2
Calculate the remainder when 206 is divided by 89.
28
What is the remainder when 2712 is divided by 2708?
4
Calculate the remainder when 2352 is divided by 107.
105
What is the remainder when 5562 is divided by 35?
32
Calculate the remainder when 397 is divided by 151.
95
Calculate the remainder when 309 is divided by 55.
34
What is the remainder when 188 is divided by 178?
10
What is the remainder when 3730 is divided by 48?
34
Calculate the remainder when 127 is divided by 26.
23
Calculate the remainder when 336 is divided by 252.
84
Calculate the remainder when 1444 is divided by 44.
36
Calculate the remainder when 1176 is divided by 486.
204
What is the remainder when 63 is divided by 7?
0
What is the remainder when 54 is divided by 51?
3
What is the remainder when 7 is divided by 3?
1
Calculate the remainder when 169 is divided by 44.
37
Calculate the remainder when 976 is divided by 201.
172
Calculate the remainder when 581 is divided by 89.
47
Calculate the remainder when 2346 is divided by 14.
8
What is the remainder when 47 is divided by 27?
20
What is the remainder when 147 is divided by 49?
0
Calculate the remainder when 3937 is divided by 1964.
9
What is the remainder when 5759 is divided by 288?
287
What is the remainder when 792 is divided by 45?
27
What is the remainder when 390 is divided by 40?
30
What is the remainder when 472 is divided by 11?
10
What is the remainder when 228 is divided by 23?
21
What is the remainder when 680 is divided by 31?
29
What is the remainder when 4175 is divided by 61?
27
What is the remainder when 218 is divided by 37?
33
Calculate the remainder when 489 is divided by 35.
34
What is the remainder when 1159 is divided by 229?
14
What is the remainder when 89 is divided by 23?
20
What is the remainder when 1273 is divided by 166?
111
Calculate the remainder when 4787 is divided by 25.
12
What is the remainder when 307 is divided by 109?
89
What is the remainder when 4676 is divided by 583?
12
What is the remainder when 615 is divided by 1?
0
Calculate the remainder when 576 is divided by 70.
16
Calculate the remainder when 3336 is divided by 71.
70
What is the remainder when 295 is divided by 23?
19
Calculate the remainder when 4366 is divided by 18.
10
What is the remainder when 29 is divided by 22?
7
What is the remainder when 266 is divided by 45?
41
Calculate the remainder when 2759 is divided by 40.
39
What is the remainder when 174 is divided by 59?
56
Calculate the remainder when 266 is divided by 89.
88
Calculate the remainder when 1788 is divided by 112.
108
Calculate the remainder when 2732 is divided by 48.
44
Calculate the remainder when 46 is divided by 16.
14
What is the remainder when 108 is divided by 14?
10
Calculate the remainder when 102 is divided by 27.
21
What is the remainder when 2072 is divided by 83?
80
What is the remainder when 4578 is divided by 763?
0
Calculate the remainder when 766 is divided by 13.
12
Calculate the remainder when 7711 is divided by 133.
130
Calculate the remainder when 3555 is divided by 36.
27
What is the remainder when 1744 is divided by 9?
7
Calculate the remainder when 65 is divided by 29.
7
What is the remainder when 374 is divided by 42?
38
Calculate the remainder when 620 is divided by 78.
74
What is the remainder when 273 is divided by 55?
53
Calculate the remainder when 703 is divided by 47.
45
Calculate the remainder when 88 is divided by 74.
14
What is the remainder when 44 is divided by 23?
21
Calculate the remainder when 4225 is divided by 527.
9
What is the remainder when 349 is divided by 114?
7
What is the remainder when 34 is divided by 30?
4
What is the remainder when 139 is divided by 95?
44
Calculate the remainder when 15012 is divided by 77.
74
Calculate the remainder when 645 is divided by 63.
15
What is the remainder when 47 is divided by 3?
2
What is the remainder when 118 is divided by 44?
30
Calculate the remainder when 1449 is divided by 22.
19
Calculate the remainder when 276 is divided by 73.
57
Calculate the remainder when 24 is divided by 15.
9
Calculate the remainder when 455 is divided by 63.
14
What is the remainder when 1161 is divided by 14?
13
Calculate the remainder when 250 is divided by 6.
4
Calculate the remainder when 5868 is divided by 35.
23
What is the remainder when 1906 is divided by 224?
114
What is the remainder when 1909 is divided by 71?
63
What is the remainder when 114 is divided by 22?
4
Calculate the remainder when 76 is divided by 37.
2
Calculate the remainder when 1451 is divided by 16.
11
Calculate the remainder when 86 is divided by 23.
17
What is the remainder when 107 is divided by 10?
7
Calculate the remainder when 479 is divided by 42.
17
What is the remainder when 3685 is divided by 30?
25
What is the remainder when 43738 is divided by 90?
88
What is the remainder when 2427 is divided by 188?
171
Calculate the remainder when 28 is divided by 26.
2
What is the remainder when 9114 is divided by 47?
43
What is the remainder when 726 is divided by 57?
42
Calculate the remainder when 4546 is divided by 33.
25
Calculate the remainder when 357 is divided by 119.
0
Calculate the remainder when 163 is divided by 14.
9
Calculate the remainder when 305 is divided by 28.
25
What is the remainder when 12539 is divided by 132?
131
Calculate the remainder when 62 is divided by 53.
9
Calculate the remainder when 298 is divided by 22.
12
What is the remainder when 468 is divided by 152?
12
What is the remainder when 786 is divided by 115?
96
What is the remainder when 102 is divided by 21?
18
What is the remainder when 249 is divided by 63?
60
What is the remainder when 482 is divided by 22?
20
What is the remainder when 412 is divided by 130?
22
Calculate the remainder when 512 is divided by 103.
100
What is the remainder when 2356 is divided by 570?
76
What is the remainder when 4246 is divided by 7?
4
What is the remainder when 63 is divided by 41?
